2 - (-2 - (-1 + 1)))).
30
What is the value of (-142 - 1) + (14 + -56 - -72)?
-113
What is -5 + (-28 - -5) + 31 + -21 + (-8 - 1)?
-27
-85 + -3 + 52 + (-173 - -141)
-68
Calculate 15 - ((-5 - -46) + -28).
2
What is the value of (19 - -48) + 52 + -159?
-40
What is -256 - -265 - (64 - (-4 - -14))?
-45
Calculate (3 - -13) + 1312 + -1330.
-2
What is the value of -14 + (0 + 3 - 42) + -70?
-123
Calculate 50 - (141 + -86) - (2 + -3 + 8).
-12
Calculate 6 + -8 + (-34 - (32 - 14) - -4).
-50
Evaluate 53 + (-75 - (-45 - -5)).
18
Evaluate (2371 - 2357) + (3 - -2) + 30.
49
Calculate (12 + 3 + -60 - -35) + (1 - 2) + 55.
44
Evaluate 66 + -21 - (10 - -104).
-69
161 - (17 + 126) - (-29 + 1)
46
Evaluate (53 - 1) + -48 + (45 - 16 - 0).
33
2 + 31 + 221 + -222
32
Evaluate 3 - (-15 - (9 - 7 - (-30 + 45))).
5
What is 53 + (11 - 22) + (-10 - 9) + 10?
33
What is the value of ((7 - (4 + -8) - 7) + -42 - 2) + 9?
-31
Calculate -17 - 34 - (19 + -43 + 11).
-38
What is the value of 2722 + -2735 + (6 - -1) + 2 + -2?
-6
Evaluate ((1 - -59) + -20 - -14) + 27.
81
Evaluate -1 + -83 + (82 - 15 - 73).
-90
What is 9 + -24 - (10 + -28) - -10?
13
Calculate (-6 - (-20 + 3 + -2)) + (-59 - -33).
-13
What is 16 - (17 - -5) - (-3 - -3) - (21 - 0)?
-27
What is (10 - 8) + 25 + (-7 - (3 + -20))?
37
12 + (-16 + -19 - -38 - 38)
-23
Evaluate -12 + (13 - (0 + -4 - (-52 - -8 - -15))).
-24
What is the value of -54 - (-16 - (-17 + 8)) - 2?
-49
What is (-13 - -1) + (-11 - -13) - 7?
-17
Calculate (0 - -5 - 8) + (28 + -14 - 30).
-19
8 + 20 + (15 - 152) + 33
-76
What is the value of -150 - (25 + -147 + 3)?
-31
What is the value of -2 + -1 - (26 + -29 + 28 - 15)?
-13
Evaluate -13 + (-13 - ((11 - -4) + -47)) - 10 - 111.
-115
What is the value of 9 - (50 - (58 + -49))?
-32
Calculate -28 + 66 + -8 + -18 - 8.
4
23 + (-10 - (-27 - -2)) - (15 - 26)
49
What is the value of -108 - ((0 - 9) + -34 + -18 + 38)?
-85
-3130 - -3087 - (-143 + 0)
100
What is -26 + 3 + 1 - (46 - 87 - 30)?
49
Calculate (0 - 0) + -16 + (-8 + (-18 - -13) - 0).
-29
What is (13 - (-9 - (6 - 38))) + 89 + (-6 - 0)?
73
What is the value of 27 + -77 - (-43 + 45)?
-52
What is -16 - (-10 + 4 - -7) - -10 - (0 - 5)?
-2
Evaluate 17 + 128 + -25 + -16 + (-4 - (-6 + 4)).
102
-1 - (-5 + 0) - 30 - (1 + 5)
-32
What is the value of -24 + (1 - -43) + (-1 - -10 - 41)?
-12
Calculate 4 + (-54 - -57) + -23.
-16
95 + -39 + -19 + 39
76
What is the value of -42 - -2 - (2709 + -2680)?
-69
Evaluate 4 - (-9 - 42) - 39.
16
Evaluate -2 - ((-31 + -10 - -86) + (-4 - (3 + -1))).
-41
Calculate -1516 + 1505 + -22 + (-2 - -3) + 5.
-27
What is the value of -1 + -1 + 10 + 1389 + -1457 + (-1 - -84)?
23
(11 - (-8 - 7)) + -14 + 3
15
What is the value of -44 - (32 + (-17 - 38))?
-21
What is -1 + -5 + -9 + 78 + -82 + (62 - -1)?
44
Calculate (-169 - -302) + -293 + 57.
-103
24 + (25 - (-13 + 43)) - 28
-9
Evaluate 14 - ((6 - 1 - 6) + -12 - -13).
14
What is the value of -5567 - -5568 - (10 + 0 - (1 - 1)) - 6?
-15
Evaluate (-12 + 5 - ((14 - 17) + -15)) + 3 + 4.
18
Calculate 2 + -1 + 1 - (-56 - (-57 - 4)) - 57.
-60
Evaluate 2815 - 2759 - (58 + -3).
1
-108 - (65 + -117 - -34)
-90
Calculate (48 - 98) + (25 - -2 - 4).
-27
What is -140 + 125 + 102 - 11?
76
(14 - 4 - (-10 + 10) - -3) + -7
6
9 + -4 - 22 - (2 - 60)
41
What is -10 + ((-1 - -1) + -9 - 4) + 11?
-12
What is the value of 27 + (-10 - -5 - (-17 - -5) - 7)?
27
5 + 21 + (-94 - -49) + (-1 - 8)
-28
Evaluate (-22 - -107 - 5) + (98 - 81).
97
Calculate -3 + 4 + -68 + (2132 - 2113).
-48
What is the value of 141 + 0 + -17 + -10 - (-5 - 1)?
120
What is 20 + 1 - (-83 - (-63 + -100))?
-59
Evaluate 0 + -18 + 5 + 17 - 23 - 6.
-25
Calculate 1 + (-2932 + 2936 - (1 + 118 - 2)).
-112
Evaluate -2 + -32 + 5 + 8 + -3.
-24
-11 - ((4 - -8) + 13 + (2 - (-15 - -96)))
43
What is the value of -9 + 19 - -46 - (1 - 12) - (-1 + -1)?
69
Calculate 14 - (-20 + 7) - 107 - (0 + 20).
-100
Calculate -1091 + 1129 + (1 - (0 - -2)) + (0 - 3).
34
Evaluate (-3 - -3 - 11 - (-3 - (3 - -71))) + 6.
72
22 - (-5 + 9 + -24 + 4)
38
Calculate (628 - 594) + -87 + 2.
-51
-3 + (5 - (-1 + -14 - -6) - (-28 + -64))
103
Evaluate -95 + 7 - ((3 - 4) + -8 + 109 + -109).
-79
What is the value of (-33 - 13) + 31 - 15?
-30
What is 20 + -37 + 18 - 6?
-5
Calculate -1315 + 1307 - (0 - -32).
-40
Evaluate -1 + 21 + (87 + (5 - 16) - -1).
97
What is the value of 1183 + -1229 - (-1 - 35)?
-10
Evaluate -75 + 75 + (-7 - (-6 + 6)) + -4 - -40.
29
Evaluate (-20312 - -20231) + 12 + -2 + (2 - -1).
-68
What is the value of (-1 - -1 - ((9 - -8) + -17)) + -37?
-37
What is the value of -58 + 50 - ((35 - 0) + (98 - 96))?
-45
92 + -110 + (10 - 6)
-14
(-1 - 10) + (-35 - -40)
-6
Calculate 16 + (-27 + -24 + 41 - (94 + 2)).
-90
What is 2 + (50 + -47 - (17 + (4 - 7)))?
-9
What is 70 + -1 - (12 + 0 - (18 + -35 + 18))?
58
What is -1 + (87 - 30) - 13?
43
Calculate 7 + -16 + 66 - (-4 - 5 - (-3 + -1)).
62
What is the value of -6 + 18 + (14 - (19 - 16) - -42)?
65
What is (53 - 60 - -56) + -39?
10
(-3 - -26) + (22 - (40 + (21 - 27)))
11
-19 - (121 + (107 - 158))
-89
What is -16 + 61 + -3 + -86?
-44
What is (44 - (-19 + 62)) + -43?
-42
Evaluate 42 + (-16 - -7 - (-5 - -12 - 7)) + -8.
25
What is -2 + (13 - -8) + -28 - 12?
-21
What is the value of 3 - 113 - (3334 + -3381)?
-63
What is the value of 388 + -359 - (14 + 10)?
5
What is the value of 13 + (1 - 5 - ((-15 - 13) + 1 + 19))?
17
26 - (-2 - (-30 + 19)) - -58
75
(-26 - (-95 - -11)) + -35 + -63
-40
Calculate 205 + -216 - -94 - (0 + -44).
127
Evaluate 0 - -48 - ((16 + -21 - 26) + 42).
37
What is 5 + -16 + (31 + -29 - (6 - 2))?
-13
Evaluate (2 + 0 - -7 - (-32 + 11 + 22)) + 49.
57
What is the value of -79 + (46 - (-65 + 44))?
-12
What is the value of (-14 - (10 + -40)) + 17 + -6?
27
Evaluate 2 + 3 + (7 - 1) + 16 + -26 + -50.
-49
Calculate 35 - (15 - -21) - (-4 - -8).
-5
0 + -15 - (7 + (-7 - (-15 - 10)))
-40
What is -101 - (85 - (-33 - -294))?
75
Evaluate -62 + 137 + (69 - 81).
63
What is the value of -14 - (-94 + -10 - (5 + -7 + -8 - 3))?
77
What is the value of 48 + (-16 - -24) - 70?
-14
41 - (-34 + 106 + -74)
43
Evaluate ((-46 - -34) + (-3 - -3) - (-6 + -4)) + -52.
-54
-79 + -2 - (372 - 399)
-54
-7 - (-4 + 2 + 9 + (-24 - (-7 + -8)))
-5
46 + 2 - (-67 + 36 - -36)
43
-125 + (-18 - (78 - 148))
-73
21 + 43 + -21 - 46
-3
What is (14 - (19 - 1 - 17) - (101 - 3)) + 9?
-76
Evaluate (-15 + 23 + -32 - -33) + -8 + 0 + 1.
2
Evaluate 7 + (18 - -9 - 9 - 21 - (52 + 0)).
-48
Evaluate 7 - (-12 + 0 + 6 + (-14 - 1)).
28
What is -85 + 95 + 14 + 99?
123
705 + -782 + 98 + 6
27
What is the value of -5 - (74 - (-7 + 6 + 10 + -15))?
-85
Evaluate -2 - (-22 + 6 + 31) - (3 + -14).
-6
Calculate 8 + -3 - (873 + -857 - (-9 + 0)).
-20
What is the value of -81 + 2 + (569 - 512)?
-22
Evaluate -20 + (6 - (-13 + (23 - 18))).
-6
What is the value of (1 - 13 - (883 - 902)) + 94 + 7 + 7?
115
(-17 + (32 - 60) - (-1 - -2 - 6)) + -5
-45
Calculate -15 + -26 + 40 + 1 + 2 + 6.
8
What is -3 + 4 + (15 + (-19 - -2) - -23)?
22
Evaluate 17 + -19 + 41 - (6 - -1 - (-8 + 7)).
31
What is the value of -5 + -40 + -2 + 34 + 1 + 11?
-1
What is the value of (-233 - -155 - -55) + 0 + 100?
77
What is the value of 3 - (6 - 8) - (-7 - -12) - (-8 - -74)?
-66
What is the value of 132 - 73 - (-24 + (10 - 19))?
92
(-85 - -2) + 1 + 22 + -38 + -6 + 31
-73
Evaluate 8 - (-28 - -27) - 35 - (-2 + (1 - -3)).
-28
What is the value of (30 - 53 - -7) + 3 + -1?
-14
What is the value of -64 + -1 + -1 + 135 + -128 - 4?
-63
What is the value of 401 + -559 - (-97 + -1)?
-60
What is 233 - 224 - (0 + 61)?
-52
What is 45 + -28 - (106 - (-14 + -3 + 3))?
-103
-58 + (97 + -68 - -135)
106
Evaluate -27 + 43 - 8 - 17.
-9
Evaluate 136 + -26 + -7 + (-22 + 16 - -54).
151
Calculate -27 + 48 + -17 - (-4 + -4) - (-1 + 80).
-67
Calculate (-11 + 52 + -3 - (1 + -1)) + 0.
38
Evaluate 33 + 7 + -27 + -2 + 5 + -47 + -91.
-122
What is 57 + -3 + 4 + (-468 - -448)?
38
69 + 53 + -108 + 12
26
(-97 - (77 + -89)) + 65
-20
Calculate -58 + (151 - 342) + 117.
-132
Evaluate -7 - ((-13 - (2 + -5)) + -55 + 13).
45
Evaluate 4 + -140 - (0 - 0 - -9 - (-396 - -399)).
-142
(28 + -44 - 106) + (3 - -16) + 12
-91
What is (607 - 584 - (29 + 1) - (84 - 1)) + 6?
-84
Evaluate (-14 - 13) + 0 + 4 + (-6 - 1 - -7).
-23
Evaluate -5 + 1 - -2 - (-1481 + 1490).
-11
What is the value of (1 - -23) + (21 - 5 - 1)?
39
Wh